{"id":65,"date":"2026-02-17T14:57:53","date_gmt":"2026-02-17T14:57:53","guid":{"rendered":"https:\/\/sabrinaisimbimassages.be\/?page_id=65"},"modified":"2026-03-19T13:43:52","modified_gmt":"2026-03-19T13:43:52","slug":"infos-pratiques","status":"publish","type":"page","link":"https:\/\/sabrinaisimbimassages.be\/index.php\/infos-pratiques\/","title":{"rendered":"Infos Pratiques"},"content":{"rendered":"\n<p><strong>Tarifs<\/strong> <strong>et dur\u00e9e<\/strong><br>Ces tarifs sont valables pour tous les massages propos\u00e9s :<br>30 minutes   :  40 euros<br>45 minutes   :  55 euros<br>60 minutes   :  65 euros<br>90 minutes   :  95 euros<br>120 minutes : 125 euros<\/p>\n\n\n\n<p><strong>Contact<\/strong><br>Je vous re\u00e7ois sur rendez-vous :<br><strong>Rue Antoine Baeck nr 50 \u00e0 1090 Jette<\/strong> (zone bleue, accessible en transports en commun : proximit\u00e9 de la gare de Jette, bus 13 et 83, tram 9)<br><strong>T\u00e9l\u00e9phone : 0496 734145<\/strong><br><strong>Mail<\/strong> : <strong>simassages99@gmail.com<\/strong><\/p>\n\n\n\n<p><\/p>\n","protected":false},"excerpt":{"rendered":"<p>Tarifs et dur\u00e9eCes tarifs sont valables pour tous les massages propos\u00e9s :30 minutes : 40 euros45 minutes : 55 euros60 minutes : 65 euros90 minutes : 95 euros120 minutes : 125 euros ContactJe vous re\u00e7ois sur rendez-vous :Rue Antoine Baeck &hellip; <a href=\"https:\/\/sabrinaisimbimassages.be\/index.php\/infos-pratiques\/\">Continuer la lecture <span class=\"meta-nav\">&rarr;<\/span><\/a><\/p>\n","protected":false},"author":1,"featured_media":0,"parent":0,"menu_order":0,"comment_status":"closed","ping_status":"closed","template":"","meta":{"footnotes":""},"class_list":["post-65","page","type-page","status-publish","hentry"],"_links":{"self":[{"href":"https:\/\/sabrinaisimbimassages.be\/index.php\/wp-json\/wp\/v2\/pages\/65","targetHints":{"allow":["GET"]}}],"collection":[{"href":"https:\/\/sabrinaisimbimassages.be\/index.php\/wp-json\/wp\/v2\/pages"}],"about":[{"href":"https:\/\/sabrinaisimbimassages.be\/index.php\/wp-json\/wp\/v2\/types\/page"}],"author":[{"embeddable":true,"href":"https:\/\/sabrinaisimbimassages.be\/index.php\/wp-json\/wp\/v2\/users\/1"}],"replies":[{"embeddable":true,"href":"https:\/\/sabrinaisimbimassages.be\/index.php\/wp-json\/wp\/v2\/comments?post=65"}],"version-history":[{"count":5,"href":"https:\/\/sabrinaisimbimassages.be\/index.php\/wp-json\/wp\/v2\/pages\/65\/revisions"}],"predecessor-version":[{"id":163,"href":"https:\/\/sabrinaisimbimassages.be\/index.php\/wp-json\/wp\/v2\/pages\/65\/revisions\/163"}],"wp:attachment":[{"href":"https:\/\/sabrinaisimbimassages.be\/index.php\/wp-json\/wp\/v2\/media?parent=65"}],"curies":[{"name":"wp","href":"https:\/\/api.w.org\/{rel}","templated":true}]}}